k). Let x = h - -3. What is the highest common factor of x and 4?
1
Let m(a) be the second derivative of 3*a**3/2 - 3*a**2/2 + 2*a. Let z be m(3). Calculate the highest common factor of z and 36.
12
Let m(s) = 2*s**2. Let y be m(2). Calculate the greatest common factor of 40 and y.
8
Let r = 62 + -31. What is the greatest common divisor of r and 248?
31
Suppose 3*b + n + 40 = 0, 0 = -4*b + 6*b - 4*n + 8. Let u = b + 39. What is the greatest common factor of 3 and u?
3
Let y = -62 - -87. Let n = y - 15. Calculate the greatest common factor of 30 and n.
10
Suppose 4*p - 4*j = 3*p + 21, p - 9 = j. Let w be 6/(-2) + 6 + -2. Calculate the highest common factor of p and w.
1
Suppose 4*g - l - 619 = 0, 0*l = -5*g - 2*l + 764. Let s be 1 + 74/6 + (-2)/(-3). Calculate the highest common factor of s and g.
14
Let g(n) = 3*n**2 + 7*n - 18. Let x be g(-7). Calculate the highest common factor of x and 16.
16
Let x(y) = -y**2 - 10*y - 6. Let r be x(-9). Suppose r*p + 9 - 42 = 0. Let z(i) = 2*i - 6. Let k be z(14). Calculate the greatest common divisor of p and k.
11
Let i be (1 - (-1 + -15))/(-4 + 5). What is the highest common factor of 85 and i?
17
Let v be 23/4 - 15/20. Let w(d) = d**2 - 2*d - 3. Let n be w(v). What is the highest common factor of 6 and n?
6
Suppose -2*n + 38 + 42 = 0. Suppose -1 = v - n. What is the greatest common factor of v and 13?
13
Let l(o) = 2*o**2 - 17*o - 7. Let q be l(9). Calculate the highest common factor of 14 and q.
2
Let l(r) = r**2 + 5*r - 12. Let h be l(-11). What is the highest common divisor of h and 27?
27
Suppose -l - 6*l = -84. Suppose 0 = -t - 2*t + 252. Calculate the greatest common divisor of t and l.
12
Suppose 2*i + 3*i = 90. Calculate the highest common factor of 6 and i.
6
Let q = 7 + -10. Let t(s) = s**3 + 3*s**2 - 5*s - 2. Let r be t(q). What is the greatest common factor of r and 13?
13
Suppose 0 = -g + 2*c + 13, 0*g + 2*g - c = 14. Suppose -g = -2*l - 3*x, -2*l + l - 4*x = 0. What is the greatest common factor of 4 and l?
4
Let y be (-2)/4*0/(-1). Suppose y = n - 15 - 33. Calculate the greatest common divisor of n and 72.
24
Let s = 142 + -54. Calculate the greatest common factor of 11 and s.
11
Let k be (-24)/18*(-9)/(-2). Let w be (k/1)/((-6)/4). What is the greatest common divisor of 4 and w?
4
Let g(t) = t**3 - 6*t**2 + 7*t. Let u be g(5). Let j be 80*1/3*3. What is the highest common factor of u and j?
10
Suppose 4*z - 1 = 11. Suppose 380 = 5*l - 2*i, -l = l - z*i - 141. Calculate the highest common divisor of l and 26.
26
Let n = -1 - 11. Let y be (-2)/8 - 399/n. Let v(u) = u**3 - 13*u**2 + 15*u - 14. Let t be v(12). What is the highest common factor of y and t?
11
Let n(k) = 18*k**2. Let q be n(-1). Let c be (-268)/(-5) - 6/(-15). Calculate the greatest common divisor of c and q.
18
Let d be ((-32)/(-10))/((-8)/40). Let x = d - -28. Calculate the highest common divisor of 132 and x.
12
Let t be (-2 - -19) + -2 + 1. What is the highest common divisor of 16 and t?
16
Suppose t - 4 = 7. Suppose 0 = -4*w + 12 + 164. What is the greatest common factor of w and t?
11
Let d(g) = -g**2 - g + 5. Let f be d(-4). Let i = f - -27. What is the highest common divisor of i and 100?
20
Let p(a) = -a**3 + 1. Let b(v) = 5*v**3 + 4*v**2 - 3*v - 7. Let f(w) = -b(w) - 3*p(w). Let y be f(-4). Calculate the greatest common factor of 8 and y.
8
Let x(h) = -h**2 - 18*h + 24. Let a be x(-18). What is the greatest common divisor of 3 and a?
3
Let q be (6/(-9))/(4/(-6)). Let k be (q - 1) + 5 + 2. Calculate the highest common factor of 77 and k.
7
Let g(k) be the third derivative of k**5/20 + 5*k**4/24 - 2*k**3/3 + k**2. Let z be g(-4). Calculate the highest common factor of z and 60.
12
Let g(l) = 5*l**2. Let i be g(1). Suppose 5*t - 100 = -5*v, -65 = -5*t + 3*v + 75. Calculate the highest common factor of i and t.
5
Suppose -3*h + 4*h - 57 = 0. Suppose j = 53 + h. Suppose 0*x - 2*x - 90 = -2*w, 93 = 2*w - 5*x. What is the highest common factor of j and w?
22
Let u(c) = 5*c**2 - 3*c - 3. Let p be u(3). Suppose -4*v + p = -f + 4, 0 = v - f - 11. Calculate the highest common divisor of 66 and v.
6
Let h be -1 - (-36 - (-2)/1). Suppose -i = -3*l - 2 + 31, -3*l = 3*i - h. What is the highest common divisor of l and 50?
10
Suppose -9 = 3*o - 57. Suppose 0 = 4*z + 4*q - 62 - 38, -3*z = q - 73. Calculate the greatest common factor of z and o.
8
Suppose 0*s = -3*r - s + 29, 0 = 3*r - 2*s - 41. Let n = -15 - -18. Suppose -2*l + 385 = n*l. Calculate the highest common factor of l and r.
11
Let j(u) = u**3 - 2*u**2 - 2*u + 3. Let p be j(3). Let d = -182 + 197. What is the greatest common factor of p and d?
3
Suppose d - 18 - 6 = 0. Suppose 3*r = -r + d. Let t(o) = o**2 + 2*o + 3. Let q be t(-9). What is the highest common factor of r and q?
6
Let y(v) = v**2 + 3*v - 2. Suppose 2*g + 2*g = -20. Let x be y(g). Let r = 136 - 48. Calculate the highest common factor of x and r.
8
Let v = 27 - 17. Suppose u + u = v, 2*b - u = 23. Let z(q) = -13*q**3 + q**2 - q - 1. Let d be z(-1). What is the highest common factor of b and d?
14
Let p(b) = 2 - b + 1 + 0*b. Let i(c) = -c**2 - 4. Let g be i(2). Let x be p(g). Calculate the greatest common divisor of x and 22.
11
Let c = 57 + -48. What is the highest common divisor of c and 45?
9
Let o = -132 + 237. Let m be 16 + -1*1 - 0. Calculate the highest common divisor of m and o.
15
Let c(b) = b**2 - 13*b + 33. Let f be c(11). Suppose 4*m - 4 = -3*t, m - 5*t = -4*m + 5. What is the greatest common factor of m and f?
1
Let a be 0 - 2 - 11/(-1). Let d = a + 0. Suppose 3*r - 4 = 23. Calculate the highest common divisor of d and r.
9
Let a = 31 + 35. Let d = 3 - 1. Suppose -d*q + a = q. What is the highest common factor of q and 2?
2
Suppose -x - 5*r + 15 = 0, -x + 1 = r - 6. Suppose -104 = -x*u - 14. What is the highest common divisor of 126 and u?
18
Suppose -8 = -5*m - 5*f + 242, 200 = 4*m - 4*f. Suppose -i = -4, 3*j = j + 3*i + 8. Calculate the highest common factor of m and j.
10
Let w(t) = -4*t. Let x be w(-6). Calculate the greatest common factor of x and 24.
24
Let q(x) = 5*x**3 + 2*x**2 + x - 4. Let s be q(2). Calculate the greatest common factor of 23 and s.
23
Let k = 95 - 47. Suppose 0 = 3*h - 2*m - 154 - 70, -m + 68 = h. What is the greatest common divisor of k and h?
24
Let w = 0 + -1. Let j = 174 - w. Suppose 4*s = 2*h + 6*s - 86, -4*h - s = -j. What is the greatest common factor of h and 4?
4
Suppose -75 = u - 6*u. Suppose -k + a + 14 = -1, -3*a + 15 = 2*k. Let g be 20/k*(2 + 1). What is the greatest common divisor of u and g?
5
Let w = -5 + 7. Let g = 5 + w. Calculate the greatest common divisor of g and 21.
7
Let g(d) = d**3 - 7*d**2 + 7*d. Let i be g(6). Let v(c) = -c**3 + 8*c**2 + 4*c - 26. Let z be v(8). What is the greatest common factor of i and z?
6
Suppose -130 = -5*k + 10. Let f(m) = -19*m - 6. Let i be f(-4). What is the greatest common divisor of i and k?
14
Suppose -3*p + 4*p - 175 = 0. Calculate the greatest common divisor of 35 and p.
35
Suppose 0 = -2*k - 29 + 69. What is the highest common divisor of k and 90?
10
Suppose -3*t + 1 = 4*k - 39, -4*t - 4*k = -56. Suppose -15 = 2*w - 59. Let q = w - t. Calculate the highest common factor of 15 and q.
3
Let c = 38 - 22. Let m(p) = 3*p + 16. Let u be m(8). What is the highest common factor of c and u?
8
Suppose -1 = 5*p - 21. Suppose -2*c - 66 = -8. Let d = 45 + c. What is the greatest common factor of d and p?
4
Suppose -12*x + 425 + 199 = 0. Calculate the highest common divisor of 39 and x.
13
Let k = -12 + 33. Suppose 4 - 32 = -2*x. Calculate the greatest common factor of x and k.
7
Let c = -55 - -90. Suppose 5*a + 4*j = 6*j + c, 2*a + 4*j = 14. Calculate the greatest common factor of 77 and a.
7
Let o = -3 - -5. Suppose -r - o*j = 4*r - 58, 12 = 3*j. Suppose 0 = -3*u + 37 + 203. What is the highest common divisor of r and u?
10
Let c(b) = 7*b - 10. Let z be c(6). Calculate the highest common factor of z and 352.
32
Let a be (-18)/9 - 43*-1. Suppose 0 = -5*h - 11 + a. What is the highest common factor of h and 3?
3
Suppose l - 3*o - 38 = 0, -o = 2*l - 3*o - 60. Suppose y = -4*g + 255, 135 = 58*g - 56*g - y. Calculate the highest common factor of l and g.
13
Let v be -1 - 2/(-2) - -12. Let g be v/(-21) - 95/(-7). What is the